{"id":1507,"date":"2026-01-15T10:19:34","date_gmt":"2026-01-15T10:19:34","guid":{"rendered":"https:\/\/gianlucamasi.it\/?page_id=1507"},"modified":"2026-04-03T17:10:02","modified_gmt":"2026-04-03T17:10:02","slug":"media","status":"publish","type":"page","link":"https:\/\/gianlucamasi.it\/?page_id=1507","title":{"rendered":"Media"},"content":{"rendered":"<p>In questa pagina sono riportati i riferimenti ai lavori o contributi di Gianluca Masi sui media.<\/p>\n<p><strong>\u201c<a href=\"https:\/\/gianlucamasi.it\/?page_id=1547\">Quando l\u2019universo divent\u00f2 infinito. Shapley, Curtis e la nascita del cosmo moderno\u201d<\/a> (Castelvecchi 2026)<\/strong><\/p>\n<ul>\n<li style=\"list-style-type: none;\">\n<ul>\n<li><a href=\"https:\/\/www.mangialibri.com\/quando-luniverso-divento-infinito\">Mangialibri &#8211; Aprile 2026<\/a><\/li>\n<li><a href=\"https:\/\/gianlucamasi.it\/wp-content\/uploads\/2026\/04\/Masi_PrismaApr2026.jpg\">Prisma Magazine &#8211; Aprile 2026<\/a><\/li>\n<li><a href=\"https:\/\/youtu.be\/cBUccwunrRM\">Rai Tre &#8211; Geo 12\/03\/2026<\/a><\/li>\n<li class=\"download\"><a title=\"scarica il documento\" href=\"https:\/\/www.castelvecchieditore.com\/wp-content\/uploads\/2026\/02\/lettura_masi.pdf\" download=\"\">la Lettura &#8211; Corriere della Sera 08\/03\/2026<\/a><\/li>\n<li><a title=\"apri il link in un'altra finestra\" href=\"https:\/\/www.raiplaysound.it\/audio\/2026\/02\/Il-mondo-non-basta-del-15022026-7dc8c672-a15b-4a50-9227-9c498bfb461e.html\" target=\"_blank\" rel=\"noopener\">Rai Play Sound &#8211; Il mondo non basta 15\/02\/2026<\/a><\/li>\n<li><a href=\"https:\/\/www.ansa.it\/amp\/canale_scienza\/notizie\/libri\/2026\/02\/06\/-quando-luniverso-divento-infinito-_1363a7a5-a2cb-4dbf-8378-68d62ca4db79.html\">ANSA 06\/02\/2026<\/a><\/li>\n<\/ul>\n<\/li>\n<\/ul>\n<p><strong>Contributi a stampa, radio e TV<\/strong><\/p>\n<ul>\n<li><a href=\"https:\/\/www.ansa.it\/canale_scienza\/notizie\/spazio_astronomia\/2026\/03\/03\/la-prima-luna-rossa-del-2026-vista-da-australia-asia-e-americhe-diretta_c679a716-9f99-4a53-83d3-a5dc58e7382a.html\" target=\"_blank\" rel=\"noopener\">La prima Luna rossa del 2026, vista da Australia, Asia e Americhe<\/a> (ANSA, 3 marzo 2026)<\/li>\n<li><a href=\"https:\/\/www.ansa.it\/canale_scienza\/notizie\/spazio_astronomia\/2026\/02\/28\/febbraio-si-chiude-con-una-parata-dei-pianeti-_99a8bf81-8c40-4545-950c-57e7034d7d95.html\" target=\"_blank\" rel=\"noopener\">Febbraio si chiude con una parata dei pianeti<\/a> (ANSA: 2 marzo 2026)<\/li>\n<li><a href=\"https:\/\/www.tgcom24.mediaset.it\/spazio\/eclissi-luna-di-sangue-2026_109569198-202602k.shtml\">Arriva la spettacolare Luna di sangue: dove vedere la prima eclissi dell\u2019anno<\/a> (TGCOM, 2 marzo 2026);<\/li>\n<li><a href=\"https:\/\/tg24.sky.it\/scienze\/2026\/03\/02\/eclissi-lunare-luna-sangue-3-marzo\">Eclissi lunare 2026, quando e dove vedere la Luna di Sangue del 3 marzo<\/a> (SKYTG24, 2 marzo 2026);<\/li>\n<li><a href=\"https:\/\/www.corriere.it\/tecnologia\/26_marzo_02\/eclissi-totale-di-luna-di-martedi-3-marzo-perche-sara-rossa-e-come-vederla-dall-italia-cosa-sapere-49d27e42-2a5c-428e-9c74-25b922a5fxlk.shtml\">Eclissi totale di Luna di marted\u00ec 3 marzo, perch\u00e9 sar\u00e0 rossa e come vederla dall&#8217;Italia: cosa sapere<\/a> (Corriere della Sera, 3 marzo 2026)<\/li>\n<\/ul>\n<p>&nbsp;<\/p>\n","protected":false},"excerpt":{"rendered":"<p>In questa pagina sono riportati i riferimenti ai lavori o contributi di Gianluca Masi sui media. \u201cQuando l\u2019universo divent\u00f2 infinito. Shapley, Curtis e la nascita&#8230;<\/p>\n<div class=\"more-link-wrapper\"><a class=\"more-link\" href=\"https:\/\/gianlucamasi.it\/?page_id=1507\">Leggi tutto<span class=\"screen-reader-text\">Media<\/span><\/a><\/div>\n","protected":false},"author":2,"featured_media":0,"parent":0,"menu_order":0,"comment_status":"closed","ping_status":"closed","template":"","meta":{"_monsterinsights_skip_tracking":false,"_monsterinsights_sitenote_active":false,"_monsterinsights_sitenote_note":"","_monsterinsights_sitenote_category":0,"footnotes":""},"class_list":["post-1507","page","type-page","status-publish","hentry","entry"],"_links":{"self":[{"href":"https:\/\/gianlucamasi.it\/index.php?rest_route=\/wp\/v2\/pages\/1507","targetHints":{"allow":["GET"]}}],"collection":[{"href":"https:\/\/gianlucamasi.it\/index.php?rest_route=\/wp\/v2\/pages"}],"about":[{"href":"https:\/\/gianlucamasi.it\/index.php?rest_route=\/wp\/v2\/types\/page"}],"author":[{"embeddable":true,"href":"https:\/\/gianlucamasi.it\/index.php?rest_route=\/wp\/v2\/users\/2"}],"replies":[{"embeddable":true,"href":"https:\/\/gianlucamasi.it\/index.php?rest_route=%2Fwp%2Fv2%2Fcomments&post=1507"}],"version-history":[{"count":9,"href":"https:\/\/gianlucamasi.it\/index.php?rest_route=\/wp\/v2\/pages\/1507\/revisions"}],"predecessor-version":[{"id":2028,"href":"https:\/\/gianlucamasi.it\/index.php?rest_route=\/wp\/v2\/pages\/1507\/revisions\/2028"}],"wp:attachment":[{"href":"https:\/\/gianlucamasi.it\/index.php?rest_route=%2Fwp%2Fv2%2Fmedia&parent=1507"}],"curies":[{"name":"wp","href":"https:\/\/api.w.org\/{rel}","templated":true}]}}